 = r**3 + 8*r**2 + 5*r. Let v be h(-7). Suppose 0 = -3*i - 10 - v. Is (717/6)/((-4)/i) a composite number?
False
Let d be 1*(1 - 4) + 8. Suppose -h = -d*h + 1640. Suppose 8*l - h = 606. Is l composite?
False
Suppose 0*y + 5*y + 1940 = 0. Let r = y + 975. Is r composite?
False
Let c be 0 + -6 + 0/(-4). Let l be (-14)/c*(-60)/4. Let k = -2 - l. Is k prime?
False
Let d be -2*(-3)/(-4)*(-4 - -2). Suppose 419 = d*i - 2*i. Is i composite?
False
Is 243956/14 - (-68)/119 a composite number?
True
Is (3 - 1) + (-6228)/(-3) + 3 composite?
False
Let r(x) = 432*x**3 - 2*x**2 + 2*x - 1. Let g = 18 + -25. Let k = 8 + g. Is r(k) composite?
False
Suppose -2*k - m = -105, 6*k - 265 = k - 2*m. Suppose -q + 5*u + k = 4*q, -2*u = -5*q + 61. Is q composite?
False
Let z(n) = 563*n**2 - 2*n - 3. Let r be z(2). Suppose 45*s - r = 40*s. Is s a composite number?
False
Let z(s) = -35*s**3 + 3*s**2 + s + 1. Let k be z(-3). Suppose 101*p = 132*p - 59892. Suppose 2*i - k = -2*w, -4*w - 2*i + p = -0*i. Is w prime?
False
Let x(f) = f + 2. Let q be x(-2). Suppose q*n - 35 = 5*n. Is (-36 - (-1 - -2))*n prime?
False
Suppose 2073 = -3*y + 3*t, 4*t + 3491 = -5*y - 0*t. Let i = 1564 + y. Is i composite?
True
Suppose -6*p + 8*p - 3214 = 0. Suppose p - 571 = 4*k. Is k composite?
True
Let j be 92/3*21/14. Let q = 23 + j. Is q composite?
True
Suppose 0*p + p = 1. Suppose -3*s + c = -27, -2 - p = c. Suppose s*a = 3*a + 295. Is a a composite number?
False
Let x(f) = 416*f + 4. Let m be x(4). Suppose 12*s - m = 6*s. Is s prime?
False
Suppose -5*x = -10*d + 5*d - 86635, 51967 = 3*x + 4*d. Suppose -2*q = 5*f - x, f - q = 1298 + 2160. Is f a prime number?
True
Let l(m) = -6*m**3 + 3*m**2 + 2*m + 79. Is l(-6) a composite number?
False
Suppose 2*w - 3452 = -5*p + 5375, -p = -4*w + 17687. Is w a composite number?
False
Let g = -190 - -421. Let p(r) = -r**2 - 5*r + 4. Let t be p(3). Let a = g - t. Is a a composite number?
False
Let n = -34 - -54. Let y = -30 + n. Is 1 + 1 + y/(-2) a composite number?
False
Suppose -5*q + 3566 = 3*u, -3*u + 4*q = -8*u + 5926. Let y be u/24 - (-1)/(-4). Let b = y - 28. Is b composite?
True
Let v = 12 + -12. Suppose v = -0*l - 5*l + 4*d + 8, -4*l - 5*d + 31 = 0. Suppose -5*i + 3*r + 1677 = 435, 5*i - 1249 = -l*r. Is i a composite number?
True
Suppose -3*o - 2*j = -5*j - 40563, 0 = -3*o - j + 40571. Is o a prime number?
True
Is 15388*12/(-10)*420/(-672) composite?
True
Let g be 3/(-21) - (-145)/35. Let w = 25 - g. Is w a composite number?
True
Let n(f) = 25*f**3 - 2*f**2 - f + 1. Suppose -i = -3*i - 3*l + 31, 47 = 4*i + 3*l. Let q = i + -5. Is n(q) composite?
True
Let o(n) = 228*n**2 - 5*n - 6. Let u be o(-2). Let s be (-2)/(-3) + 1691/(-3). Let m = u + s. Is m composite?
False
Is 0 + 4 - (-7)/7*95059 a composite number?
False
Is 1387/2*(26 + -24) a prime number?
False
Let l = 117 + -1094. Let m = l - -1798. Is m prime?
True
Let z(f) = 28*f + 5. Let a(n) = -n + 22. Let d be a(13). Is z(d) a composite number?
False
Suppose -3*v + 7*v = 0. Let f = -71 - -100. Suppose v = g - 208 + f. Is g a composite number?
False
Suppose -2*m - 2*m - 20 = 0, -65407 = -3*z + 2*m. Is z a prime number?
True
Is 84 - 89 - 2*-3386 a prime number?
False
Let v = 11694 - 6709. Is v prime?
False
Let u be 1598 - (-5)/(15/(-9)). Suppose -l = -6*l + u. Is l a prime number?
False
Let t(s) = -3*s**3 + 10*s**2 + 3*s - 1. Let k be t(5). Let a = 682 - k. Is a prime?
False
Let q(z) = -z + 17. Let l be q(16). Let u = 202 + -19. Is u/(-4 + l - -4) a composite number?
True
Let o(s) = 323*s**2 + 37*s - 17. Is o(-13) prime?
False
Suppose -3*i + i = 1028. Let p = 260 + i. Is (p/(-6))/(13/39) a prime number?
True
Let u = -550 - -1007. Is u composite?
False
Let a = 6892 + 2409. Is a a composite number?
True
Let q = 7826 - -20817. Is q prime?
True
Suppose 3*i = 2*i + 7. Suppose i = -5*y - 8. Is 1/y - 3440/(-24) a prime number?
False
Let n(m) = 61*m + 7. Suppose 0*h + 17 = 2*h + b, 5*h + 3*b = 43. Let l be 6/h - 13/(-4). Is n(l) a prime number?
True
Let j = -1287 - -2054. Is (40/(-20))/((-1)/j) + 1 a prime number?
False
Let m(h) be the second derivative of 197*h**4/6 + 5*h**3/6 + 5*h**2/2 + 17*h. Is m(-2) composite?
False
Suppose 2*z = 2*k - 2146, -3*k - 4*z + 3369 - 150 = 0. Is k a composite number?
True
Suppose -2*p + 4 = 0, 3*t - 4*p - 578 = -115. Suppose -w + 1336 = 5*g + w, -2*g + 2*w = -526. Let i = g - t. Is i a prime number?
True
Let o(g) = -7*g**3 + 7*g**2 + 20*g + 29. Is o(-7) a prime number?
True
Let k(q) = 434*q**3 - 2*q**2 - 2*q. Let y(f) = 4*f**2 + 3*f**2 + 867*f**3 - 6*f**2 - 3*f - 4*f**2. Let i(p) = 5*k(p) - 3*y(p). Is i(-1) a prime number?
True
Let p(u) = -3*u**3 + 7*u**2 + 5*u + 1. Let o(g) = g**3 - g**2 - g + 1. Let w(k) = 4*o(k) + p(k). Let a be w(-3). Suppose a*r = -0*r + 38. Is r prime?
True
Suppose -3*y = h - 5, 3*h + 2*h + 5 = 0. Is (-1413)/(-6) + 3/y composite?
True
Let b(k) = -26*k**3 - 20*k**2 - 6*k + 99. Is b(-8) composite?
True
Suppose -4*c = 1 + 3. Let l(u) = 1491*u**3 + 2*u**2 - 1. Let m be l(c). Let j = m + 2607. Is j a composite number?
False
Is ((-64918)/(-42))/((-1)/(-3)) a composite number?
False
Suppose 2*w = s - 11, 2*w = 5*w - 4*s + 29. Let m be 13 + (w - 0) - 3. Suppose -12*f = -m*f - 415. Is f composite?
False
Let k be (-1)/1 - (-5 + 10). Let t(i) = -20*i - 7. Is t(k) prime?
True
Let c be (1016/(-10))/((-16)/120). Is (0 - 3/9)/((-2)/c) a prime number?
True
Let i(j) = j**3 + 10*j**2 + 9*j + 5. Let l be i(-9). Suppose z - 38 = -l*t + 64, 4*z - 345 = t. Is z a composite number?
True
Suppose -4*f + 5*g + 960 = 0, 9 + 11 = -5*g. Is f prime?
False
Let m(k) = -k**2 - 7*k - 5. Let s be m(-4). Let t = s + -1. Suppose -t*p + 3*p + 752 = 5*l, -p - l = -252. Is p a prime number?
False
Let i = -117763 - -222386. Is i prime?
True
Let o(l) = 8*l**2 + 37*l - 21. Is o(-12) prime?
False
Is 14/2 - (-41640)/6 a composite number?
False
Let l(t) = 1312*t + 6. Let u be l(6). Suppose -u - 5732 = -10*a. Is a a composite number?
False
Let p(i) = -i**3 + 14*i**2 + 14*i + 21. Let k be p(15). Suppose 0 = 3*z - k*z, 5*m - 5*z - 185 = 0. Is m composite?
False
Is (7 - 55896/(-8)) + (4 - 1) prime?
True
Let c(b) = -246*b + 17. Let k be (-7 + -2)*(-7)/(-7). Is c(k) prime?
False
Suppose 4336 = 10*b - 6*b + 4*a, 0 = -2*b - 5*a + 2177. Is b a prime number?
False
Suppose 32*o = 38*o - 78306. Is o a prime number?
False
Let z be 41/13 + 2/(-13). Suppose -5*y + 65 = 4*q - 399, -z*q = -y - 329. Is q a composite number?
True
Let t(p) = -p**2 + 5*p - 2. Let g be t(4). Suppose -g*q - 2*q = 128. Let i = 149 - q. Is i prime?
True
Let b be (58/(-87))/((-4)/5334). Is b + ((-2)/8 - (-35)/(-20)) prime?
True
Suppose h - 13191 = 5*n - 57948, h = 2*n - 17904. Is n prime?
True
Suppose -2*k = -7*k - 15. Let a be 4/6 + 2/k. Suppose a*r - 2*r = -158. Is r a prime number?
True
Let d = -968 + 1439. Let y = 259 - d. Is (-3)/(-4) - y/16 prime?
False
Let v(k) = -k**2 + 11*k - 1. Let i be v(9). Let j = -14 + i. Suppose -j*f + f + 762 = 0. Is f composite?
True
Let r(b) = -735*b**3 + 478*b**3 - 2*b**2 - 895*b**3 + 1. Is r(-1) a prime number?
True
Suppose 829*n + 81894 = 835*n. Is n prime?
True
Is 36768 - (0 - (0 - 7)) a composite number?
False
Suppose 3 = c + o - 0, -2*o = -4*c - 12. Is 199 - 2/(-1) - c a composite number?
True
Let p(q) = 50*q**3 + 13*q**2 - 15*q + 5. Is p(6) prime?
False
Let u(v) = 10*v**2 + 15*v - 11. Let n be 679/49 - 1/(-7). Is u(n) a prime number?
False
Is ((-5077)/(-2))/((4 - 2)/4) a composite number?
False
Suppose u = 11*s - 10*s - 1, 4*u = 4. Is (-1)/s - (-40050)/60 a prime number?
False
Let q(s) = s**3 + s**2 + 8. Let z(o) = -o**2 + 1. Let h(l) = q(l) - 5*z(l). Let a be h(-6). Suppose -2*c = -5*k + 2085, 0*c = -a*c + 15. Is k prime?
True
Suppose -j - 6 = -2, j - 60261 = -5*h. Is h prime?
False
Suppose 0 = 4*u + 2*m - 22386, u = 47*m - 45*m + 5609. Is u composite?
True
Let o(z) = 251*z**2 - 9. Is o(4) composite?
False
Let k(x) = 8*x**2 - 3*x + 12. Let q = 13 - 2. Is k(q) a prime number?
True
Suppose 158 = -5*n + 158. Suppose 0 = h - 4*z - 3973, n = -2*h - 0*z + 5*z + 7958. Is h a prime number?
True
Let t be 35/2 - (-4)/8. Let h be (3 + t/10)*45. Suppose -h = 5*s - 1606. Is s composite?
True
Let l(q) = -2*q**3 - 11*q**2 - 6*q - 2. Let d = -3 - -3. Suppose d = 5*s + 60 - 25. Is l(s) prime?
False
Let z(a) = -50